{"id":543,"date":"2023-05-19T17:29:33","date_gmt":"2023-05-19T17:29:33","guid":{"rendered":"https:\/\/avantemonitors.com\/?post_type=product&#038;p=543"},"modified":"2025-11-13T14:04:29","modified_gmt":"2025-11-13T14:04:29","slug":"sidewing-14-hd","status":"publish","type":"product","link":"https:\/\/mx.avantemonitors.com\/index.php\/producto\/sidewing-14-hd\/","title":{"rendered":"SIDEWING 14"},"content":{"rendered":"<div class=\"buy-panel__product-description\">\n<p>El monitor port\u00e1til SIDEWING 12&#8243; HD ofrece una pantalla ligeramente m\u00e1s grande de 12&#8243; y es perfecto para profesionales y aquellos que desean realizar m\u00faltiples tareas con facilidad. Ya sea que est\u00e9s presentando, jugando, ense\u00f1ando o trabajando en varias tareas, el SIDEWING 12&#8243; es una soluci\u00f3n limpia, f\u00e1cil de usar y lista para usar.<\/p>\n<p>El AVANTE SIDEWING 12&#8243; HD es un monitor perfectamente dimensionado para pantallas de port\u00e1tiles entre 13 y 14 pulgadas.<\/p>\n<p>Caracter\u00edsticas:<\/p>\n<ul>\n<li>Perfecto para port\u00e1tiles de 13 a 14 pulgadas<\/li>\n<li>Pantalla FHD \/ 1080P de 12&#8243;<\/li>\n<li>Pantalla giratoria de 360 grados<\/li>\n<li>Solo 1.3 libras para su tama\u00f1o<\/li>\n<li>Compatible con macOS y Windows<\/li>\n<\/ul>\n<\/div>\n","protected":false},"excerpt":{"rendered":"<h4 style=\"text-align: center\"><strong>Dise\u00f1ado para laptops de 15 a 16 pulgadas<\/strong><\/h4>\n<p style=\"text-align: center\">Pantalla FHD ultrabrillante \/ 14,1&#8243;, 1920 x 1080, IPS, 60 Hz<\/p>\n<p style=\"text-align: center\">Pantalla con rotaci\u00f3n de 360 \u200b\u200bgrados<\/p>\n<p style=\"text-align: center\">Solo 1.3 lbs para su tama\u00f1o<\/p>\n<p style=\"text-align: center\">Compatible con macOS y Windows<\/p>\n","protected":false},"featured_media":575,"template":"","meta":[],"product_cat":[39],"product_tag":[],"class_list":{"0":"post-543","1":"product","2":"type-product","3":"status-publish","4":"has-post-thumbnail","6":"product_cat-monitores","8":"first","9":"instock","10":"sale","11":"shipping-taxable","12":"purchasable","13":"product-type-simple"},"_links":{"self":[{"href":"https:\/\/mx.avantemonitors.com\/index.php\/wp-json\/wp\/v2\/product\/543","targetHints":{"allow":["GET"]}}],"collection":[{"href":"https:\/\/mx.avantemonitors.com\/index.php\/wp-json\/wp\/v2\/product"}],"about":[{"href":"https:\/\/mx.avantemonitors.com\/index.php\/wp-json\/wp\/v2\/types\/product"}],"wp:featuredmedia":[{"embeddable":true,"href":"https:\/\/mx.avantemonitors.com\/index.php\/wp-json\/wp\/v2\/media\/575"}],"wp:attachment":[{"href":"https:\/\/mx.avantemonitors.com\/index.php\/wp-json\/wp\/v2\/media?parent=543"}],"wp:term":[{"taxonomy":"product_cat","embeddable":true,"href":"https:\/\/mx.avantemonitors.com\/index.php\/wp-json\/wp\/v2\/product_cat?post=543"},{"taxonomy":"product_tag","embeddable":true,"href":"https:\/\/mx.avantemonitors.com\/index.php\/wp-json\/wp\/v2\/product_tag?post=543"}],"curies":[{"name":"wp","href":"https:\/\/api.w.org\/{rel}","templated":true}]}}